en 172 is divided by 58.
56
What is the remainder when 151 is divided by 9?
7
Calculate the remainder when 83 is divided by 79.
4
Calculate the remainder when 237 is divided by 81.
75
What is the remainder when 58 is divided by 11?
3
What is the remainder when 10335 is divided by 44?
39
What is the remainder when 7423 is divided by 94?
91
What is the remainder when 14578 is divided by 26?
18
Calculate the remainder when 2377 is divided by 82.
81
Calculate the remainder when 213 is divided by 109.
104
What is the remainder when 497 is divided by 72?
65
What is the remainder when 256 is divided by 75?
31
Calculate the remainder when 1303 is divided by 649.
5
Calculate the remainder when 399 is divided by 67.
64
What is the remainder when 62 is divided by 33?
29
What is the remainder when 2248 is divided by 224?
8
Calculate the remainder when 6232 is divided by 327.
19
Calculate the remainder when 377 is divided by 4.
1
Calculate the remainder when 99 is divided by 57.
42
Calculate the remainder when 66 is divided by 5.
1
What is the remainder when 1045 is divided by 51?
25
Calculate the remainder when 5515 is divided by 29.
5
Calculate the remainder when 105 is divided by 10.
5
Calculate the remainder when 3611 is divided by 43.
42
Calculate the remainder when 586 is divided by 162.
100
Calculate the remainder when 173 is divided by 6.
5
What is the remainder when 1112 is divided by 547?
18
What is the remainder when 57 is divided by 21?
15
What is the remainder when 554 is divided by 14?
8
What is the remainder when 177 is divided by 87?
3
What is the remainder when 673 is divided by 113?
108
Calculate the remainder when 176 is divided by 27.
14
What is the remainder when 11 is divided by 9?
2
What is the remainder when 22 is divided by 7?
1
What is the remainder when 696 is divided by 112?
24
Calculate the remainder when 396 is divided by 21.
18
Calculate the remainder when 185 is divided by 50.
35
Calculate the remainder when 4628 is divided by 10.
8
Calculate the remainder when 1776 is divided by 81.
75
Calculate the remainder when 5090 is divided by 283.
279
Calculate the remainder when 62 is divided by 13.
10
Calculate the remainder when 165 is divided by 24.
21
What is the remainder when 3108 is divided by 183?
180
Calculate the remainder when 1275 is divided by 3.
0
What is the remainder when 213 is divided by 200?
13
Calculate the remainder when 51 is divided by 8.
3
Calculate the remainder when 1231 is divided by 248.
239
What is the remainder when 553 is divided by 56?
49
Calculate the remainder when 424 is divided by 7.
4
Calculate the remainder when 349 is divided by 115.
4
Calculate the remainder when 31 is divided by 15.
1
Calculate the remainder when 32383 is divided by 15.
13
Calculate the remainder when 2306 is divided by 80.
66
Calculate the remainder when 899 is divided by 75.
74
Calculate the remainder when 4058 is divided by 17.
12
Calculate the remainder when 1040 is divided by 346.
2
Calculate the remainder when 580 is divided by 83.
82
Calculate the remainder when 1699 is divided by 334.
29
What is the remainder when 228 is divided by 78?
72
What is the remainder when 53 is divided by 21?
11
What is the remainder when 145 is divided by 71?
3
What is the remainder when 1926 is divided by 412?
278
What is the remainder when 3231 is divided by 233?
202
What is the remainder when 430 is divided by 6?
4
Calculate the remainder when 94 is divided by 57.
37
What is the remainder when 374 is divided by 18?
14
Calculate the remainder when 285 is divided by 13.
12
Calculate the remainder when 229 is divided by 17.
8
What is the remainder when 62 is divided by 8?
6
What is the remainder when 149 is divided by 121?
28
Calculate the remainder when 8255 is divided by 129.
128
Calculate the remainder when 42 is divided by 36.
6
What is the remainder when 88 is divided by 15?
13
What is the remainder when 20 is divided by 6?
2
What is the remainder when 89 is divided by 42?
5
What is the remainder when 880 is divided by 14?
12
What is the remainder when 6 is divided by 4?
2
Calculate the remainder when 1364 is divided by 105.
104
What is the remainder when 3215 is divided by 89?
11
Calculate the remainder when 138 is divided by 44.
6
Calculate the remainder when 482 is divided by 44.
42
Calculate the remainder when 194 is divided by 67.
60
What is the remainder when 35 is divided by 17?
1
Calculate the remainder when 91 is divided by 19.
15
Calculate the remainder when 922 is divided by 245.
187
Calculate the remainder when 71 is divided by 65.
6
What is the remainder when 831 is divided by 6?
3
Calculate the remainder when 47 is divided by 8.
7
Calculate the remainder when 881 is divided by 175.
6
What is the remainder when 53 is divided by 8?
5
Calculate the remainder when 195 is divided by 6.
3
What is the remainder when 503 is divided by 52?
35
What is the remainder when 305 is divided by 84?
53
Calculate the remainder when 5318 is divided by 35.
33
Calculate the remainder when 884 is divided by 24.
20
What is the remainder when 537 is divided by 20?
17
What is the remainder when 613 is divided by 51?
1
Calculate the remainder when 116 is divided by 29.
0
What is the remainder when 1661 is divided by 1660?
1
Calculate the remainder when 143 is divided by 29.
27
What is the remainder when 653 is divided by 21?
2
Calculate the remainder when 496 is divided by 10.
6
What is the remainder when 103 is divided by 55?
48
Calculate the remainder when 142 is divided by 38.
28
What is the remainder when 13347 is divided by 50?
47
Calculate the remainder when 40 is divided by 22.
18
What is the remainder when 1555 is divided by 777?
1
What is the remainder when 1317 is divided by 33?
30
What is the remainder when 443 is divided by 50?
43
Calculate the remainder when 135 is divided by 45.
0
What is the remainder when 269 is divided by 39?
35
Calculate the remainder when 150 is divided by 38.
36
What is the remainder when 103 is divided by 63?
40
What is the remainder when 8546 is divided by 45?
41
What is the remainder when 13071 is divided by 17?
15
Calculate the remainder when 372 is divided by 182.
8
What is the remainder when 8604 is divided by 79?
72
What is the remainder when 627 is divided by 63?
60
Calculate the remainder when 209 is divided by 58.
35
Calculate the remainder when 279 is divided by 53.
14
Calculate the remainder when 376 is divided by 64.
56
Calculate the remainder when 27 is divided by 5.
2
Calculate the remainder when 92 is divided by 19.
16
What is the remainder when 90 is divided by 48?
42
Calculate the remainder when 327 is divided by 11.
8
Calculate the remainder when 1561 is divided by 23.
20
What is the remainder when 415 is divided by 21?
16
What is the remainder when 4327 is divided by 13?
11
Calculate the remainder when 254 is divided by 17.
16
What is the remainder when 123 is divided by 18?
15
Calculate the remainder when 1506 is divided by 19.
5
What is the remainder when 782 is divided by 33?
23
Calculate the remainder when 265 is divided by 14.
13
Calculate the remainder when 307 is divided by 7.
6
What is the remainder when 5003 is divided by 1667?
2
What is the remainder when 603 is divided by 32?
27
Calculate the remainder when 208 is divided by 14.
12
What is the remainder when 73 is divided by 12?
1
What is the remainder when 388 is divided by 26?
24
Calculate the remainder when 62 is divided by 19.
5
Calculate the remainder when 1438 is divided by 183.
157
Calculate the remainder when 536 is divided by 76.
4
Calculate the remainder when 1019 is divided by 20.
19
What is the remainder when 594 is divided by 122?
106
Calculate the remainder when 24 is divided by 13.
11
Calculate the remainder when 661 is divided by 74.
69
Calculate the remainder when 3852 is divided by 15.
12
What is the remainder when 778 is divided by 26?
24
What is the remainder when 7147 is divided by 22?
19
Calculate the remainder when 715 is divided by 78.
13
Calculate the remainder when 42 is divided by 23.
19
Calculate the remainder when 624 is divided by 125.
124
What is the remainder when 35 is divided by 7?
0
What is the remainder when 10814 is divided by 169?
167
What is the remainder when 90 is divided by 23?
21
What